{"id":181,"date":"2022-04-18T22:45:58","date_gmt":"2022-04-18T22:45:58","guid":{"rendered":"https:\/\/aiprod.net\/tiendaaiprod\/?post_type=product&#038;p=181"},"modified":"2022-05-02T18:37:25","modified_gmt":"2022-05-02T18:37:25","slug":"curso-de-especializacion-para-operadores-en-el-sistema-integral-de-justicia-penal-para-adolescentes","status":"publish","type":"product","link":"https:\/\/aiprod.net\/tiendaaiprod\/producto\/curso-de-especializacion-para-operadores-en-el-sistema-integral-de-justicia-penal-para-adolescentes\/","title":{"rendered":"Curso de especializaci\u00f3n para Operadores en el Sistema Integral de Justicia Penal para Adolescentes"},"content":{"rendered":"<p><strong>Objetivo<\/strong><\/p>\n<p>Capacitar a los operadores del sistema integral de justicia penal para adolescentes en lo que se refiere a la implementaci\u00f3n del Nuevo Sistema de Justicia que les compete, a fin de que adquieran los conocimientos necesarios de car\u00e1cter institucional para dar acompa\u00f1amiento al proceso judicial en todas sus fases<\/p>\n","protected":false},"excerpt":{"rendered":"<p>160 horas<\/p>\n","protected":false},"featured_media":406,"comment_status":"open","ping_status":"closed","template":"","meta":{"site-sidebar-layout":"default","site-content-layout":"default","ast-main-header-display":"","ast-hfb-above-header-display":"","ast-hfb-below-header-display":"","ast-hfb-mobile-header-display":"","site-post-title":"","ast-breadcrumbs-content":"","ast-featured-img":"","footer-sml-layout":"","theme-transparent-header-meta":"default","adv-header-id-meta":"","stick-header-meta":"default","header-above-stick-meta":"","header-main-stick-meta":"","header-below-stick-meta":""},"product_cat":[28,22],"product_tag":[],"_links":{"self":[{"href":"https:\/\/aiprod.net\/tiendaaiprod\/wp-json\/wp\/v2\/product\/181"}],"collection":[{"href":"https:\/\/aiprod.net\/tiendaaiprod\/wp-json\/wp\/v2\/product"}],"about":[{"href":"https:\/\/aiprod.net\/tiendaaiprod\/wp-json\/wp\/v2\/types\/product"}],"replies":[{"embeddable":true,"href":"https:\/\/aiprod.net\/tiendaaiprod\/wp-json\/wp\/v2\/comments?post=181"}],"wp:featuredmedia":[{"embeddable":true,"href":"https:\/\/aiprod.net\/tiendaaiprod\/wp-json\/wp\/v2\/media\/406"}],"wp:attachment":[{"href":"https:\/\/aiprod.net\/tiendaaiprod\/wp-json\/wp\/v2\/media?parent=181"}],"wp:term":[{"taxonomy":"product_cat","embeddable":true,"href":"https:\/\/aiprod.net\/tiendaaiprod\/wp-json\/wp\/v2\/product_cat?post=181"},{"taxonomy":"product_tag","embeddable":true,"href":"https:\/\/aiprod.net\/tiendaaiprod\/wp-json\/wp\/v2\/product_tag?post=181"}],"curies":[{"name":"wp","href":"https:\/\/api.w.org\/{rel}","templated":true}]}}