{"id":168,"date":"2022-04-18T18:22:52","date_gmt":"2022-04-18T18:22:52","guid":{"rendered":"https:\/\/aiprod.net\/tiendaaiprod\/?post_type=product&#038;p=168"},"modified":"2022-04-27T22:52:14","modified_gmt":"2022-04-27T22:52:14","slug":"curso-de-actualizacion-taller-de-investigacion-criminal-conjunta-policia-de-investigacion-y-policia-preventivo","status":"publish","type":"product","link":"https:\/\/aiprod.net\/tiendaaiprod\/producto\/curso-de-actualizacion-taller-de-investigacion-criminal-conjunta-policia-de-investigacion-y-policia-preventivo\/","title":{"rendered":"Curso de actualizaci\u00f3n Taller de Investigaci\u00f3n Criminal Conjunta (Polic\u00eda de Investigaci\u00f3n y Polic\u00eda Preventivo)"},"content":{"rendered":"<p><strong>Objetivo<\/strong><\/p>\n<p>Fomentar y preparar al polic\u00eda para interactuar en un ambiente respetuoso y propicio en el desarrollo del trabajo en equipo, que garantice un resultado eficaz en el esclarecimiento de los hechos, principalmente en la etapa de investigaci\u00f3n, con base en las facultades y atribuciones que establece el C\u00f3digo Nacional de Procedimientos Penales y los protocolos nacionales de actuaci\u00f3n, expedidos por el Consejo Nacional de Seguridad P\u00fablica<\/p>\n","protected":false},"excerpt":{"rendered":"<p>30 horas<\/p>\n","protected":false},"featured_media":374,"comment_status":"open","ping_status":"closed","template":"","meta":{"site-sidebar-layout":"default","site-content-layout":"default","ast-main-header-display":"","ast-hfb-above-header-display":"","ast-hfb-below-header-display":"","ast-hfb-mobile-header-display":"","site-post-title":"","ast-breadcrumbs-content":"","ast-featured-img":"","footer-sml-layout":"","theme-transparent-header-meta":"default","adv-header-id-meta":"","stick-header-meta":"default","header-above-stick-meta":"","header-main-stick-meta":"","header-below-stick-meta":""},"product_cat":[26,27],"product_tag":[],"_links":{"self":[{"href":"https:\/\/aiprod.net\/tiendaaiprod\/wp-json\/wp\/v2\/product\/168"}],"collection":[{"href":"https:\/\/aiprod.net\/tiendaaiprod\/wp-json\/wp\/v2\/product"}],"about":[{"href":"https:\/\/aiprod.net\/tiendaaiprod\/wp-json\/wp\/v2\/types\/product"}],"replies":[{"embeddable":true,"href":"https:\/\/aiprod.net\/tiendaaiprod\/wp-json\/wp\/v2\/comments?post=168"}],"wp:featuredmedia":[{"embeddable":true,"href":"https:\/\/aiprod.net\/tiendaaiprod\/wp-json\/wp\/v2\/media\/374"}],"wp:attachment":[{"href":"https:\/\/aiprod.net\/tiendaaiprod\/wp-json\/wp\/v2\/media?parent=168"}],"wp:term":[{"taxonomy":"product_cat","embeddable":true,"href":"https:\/\/aiprod.net\/tiendaaiprod\/wp-json\/wp\/v2\/product_cat?post=168"},{"taxonomy":"product_tag","embeddable":true,"href":"https:\/\/aiprod.net\/tiendaaiprod\/wp-json\/wp\/v2\/product_tag?post=168"}],"curies":[{"name":"wp","href":"https:\/\/api.w.org\/{rel}","templated":true}]}}